{"id":324,"date":"2022-02-17T10:26:51","date_gmt":"2022-02-17T09:26:51","guid":{"rendered":"http:\/\/giselez.cluster031.hosting.ovh.net\/?page_id=324"},"modified":"2022-03-08T15:50:00","modified_gmt":"2022-03-08T14:50:00","slug":"presse-2","status":"publish","type":"page","link":"https:\/\/www.giselecooking.com\/index.php\/presse-2\/","title":{"rendered":"Presse"},"content":{"rendered":"\t\t<div data-elementor-type=\"wp-page\" data-elementor-id=\"324\" class=\"elementor elementor-324\" data-elementor-settings=\"[]\">\n\t\t\t\t\t\t<div class=\"elementor-inner\">\n\t\t\t\t\t\t\t<div class=\"elementor-section-wrap\">\n\t\t\t\t\t\t\t<section class=\"elementor-section elementor-top-section elementor-element elementor-element-9661a16 elementor-section-boxed elementor-section-height-default elementor-section-height-default\" data-id=\"9661a16\" data-element_type=\"section\">\n\t\t\t\t\t\t<div class=\"elementor-container elementor-column-gap-default\">\n\t\t\t\t\t\t\t<div class=\"elementor-row\">\n\t\t\t\t\t<div class=\"elementor-column elementor-col-100 elementor-top-column elementor-element elementor-element-9e47fae\" data-id=\"9e47fae\" data-element_type=\"column\">\n\t\t\t<div class=\"elementor-column-wrap elementor-element-populated\">\n\t\t\t\t\t\t\t<div class=\"elementor-widget-wrap\">\n\t\t\t\t\t\t<div class=\"elementor-element elementor-element-5a704ed elementor-widget elementor-widget-heading\" data-id=\"5a704ed\" data-element_type=\"widget\" data-widget_type=\"heading.default\">\n\t\t\t\t<div class=\"elementor-widget-container\">\n\t\t\t<h1 class=\"elementor-heading-title elementor-size-default\">Presse<\/h1>\t\t<\/div>\n\t\t\t\t<\/div>\n\t\t\t\t\t\t<\/div>\n\t\t\t\t\t<\/div>\n\t\t<\/div>\n\t\t\t\t\t\t\t\t<\/div>\n\t\t\t\t\t<\/div>\n\t\t<\/section>\n\t\t\t\t<section class=\"elementor-section elementor-top-section elementor-element elementor-element-76a2467 elementor-section-boxed elementor-section-height-default elementor-section-height-default\" data-id=\"76a2467\" data-element_type=\"section\">\n\t\t\t\t\t\t<div class=\"elementor-container elementor-column-gap-default\">\n\t\t\t\t\t\t\t<div class=\"elementor-row\">\n\t\t\t\t\t<div class=\"elementor-column elementor-col-100 elementor-top-column elementor-element elementor-element-9ba504c\" data-id=\"9ba504c\" data-element_type=\"column\">\n\t\t\t<div class=\"elementor-column-wrap elementor-element-populated\">\n\t\t\t\t\t\t\t<div class=\"elementor-widget-wrap\">\n\t\t\t\t\t\t<div class=\"elementor-element elementor-element-e8210eb elementor-grid-3 elementor-grid-tablet-2 elementor-grid-mobile-1 elementor-posts--thumbnail-top elementor-card-shadow-yes elementor-posts__hover-gradient elementor-widget elementor-widget-posts\" data-id=\"e8210eb\" data-element_type=\"widget\" data-settings=\"{&quot;cards_columns&quot;:&quot;3&quot;,&quot;cards_columns_tablet&quot;:&quot;2&quot;,&quot;cards_columns_mobile&quot;:&quot;1&quot;,&quot;cards_row_gap&quot;:{&quot;unit&quot;:&quot;px&quot;,&quot;size&quot;:35,&quot;sizes&quot;:[]}}\" data-widget_type=\"posts.cards\">\n\t\t\t\t<div class=\"elementor-widget-container\">\n\t\t\t\t\t<div class=\"elementor-posts-container elementor-posts elementor-posts--skin-cards elementor-grid\">\n\t\t\t\t<article class=\"elementor-post elementor-grid-item post-468 post type-post status-publish format-standard has-post-thumbnail hentry category-presse\">\n\t\t\t<div class=\"elementor-post__card\">\n\t\t\t\t<a class=\"elementor-post__thumbnail__link\" href=\"https:\/\/www.giselecooking.com\/index.php\/2022\/01\/30\/observatoire-de-la-gastronomie-la-liste-septembre-2021\/\" >\n\t\t\t<div class=\"elementor-post__thumbnail\"><img loading=\"lazy\" decoding=\"async\" width=\"300\" height=\"300\" src=\"https:\/\/www.giselecooking.com\/wp-content\/uploads\/2022\/02\/Observatoire-de-la-Gastronomie-1-300x300.jpg\" class=\"attachment-medium size-medium\" alt=\"Photo1 Interview de Gis\u00e8le dans Observatoire de la Gastronomie\" srcset=\"https:\/\/www.giselecooking.com\/wp-content\/uploads\/2022\/02\/Observatoire-de-la-Gastronomie-1-300x300.jpg 300w, https:\/\/www.giselecooking.com\/wp-content\/uploads\/2022\/02\/Observatoire-de-la-Gastronomie-1-150x150.jpg 150w, https:\/\/www.giselecooking.com\/wp-content\/uploads\/2022\/02\/Observatoire-de-la-Gastronomie-1-768x768.jpg 768w, https:\/\/www.giselecooking.com\/wp-content\/uploads\/2022\/02\/Observatoire-de-la-Gastronomie-1.jpg 960w\" sizes=\"auto, (max-width: 300px) 100vw, 300px\" \/><\/div>\n\t\t<\/a>\n\t\t\t\t<div class=\"elementor-post__badge\">Presse<\/div>\n\t\t\t\t<div class=\"elementor-post__text\">\n\t\t\t\t<h3 class=\"elementor-post__title\">\n\t\t\t<a href=\"https:\/\/www.giselecooking.com\/index.php\/2022\/01\/30\/observatoire-de-la-gastronomie-la-liste-septembre-2021\/\" >\n\t\t\t\tObservatoire de la Gastronomie\/La Liste &#8211; Septembre 2021\t\t\t<\/a>\n\t\t<\/h3>\n\t\t\t\t<div class=\"elementor-post__excerpt\">\n\t\t\t<p>Interview r\u00e9alis\u00e9e par l&rsquo;Observatoire de la Gastronomie La Liste L&rsquo;observatoire de la Gastronomie est un<\/p>\n\t\t<\/div>\n\t\t\t\t\t<a class=\"elementor-post__read-more\" href=\"https:\/\/www.giselecooking.com\/index.php\/2022\/01\/30\/observatoire-de-la-gastronomie-la-liste-septembre-2021\/\" >\n\t\t\t\tLire plus \u00bb\t\t\t<\/a>\n\t\t\t\t<\/div>\n\t\t\t\t<div class=\"elementor-post__meta-data\">\n\t\t\t\t\t<span class=\"elementor-post-date\">\n\t\t\t30 janvier 2022\t\t<\/span>\n\t\t\t\t<\/div>\n\t\t\t\t\t<\/div>\n\t\t<\/article>\n\t\t\t\t<article class=\"elementor-post elementor-grid-item post-444 post type-post status-publish format-standard has-post-thumbnail hentry category-presse\">\n\t\t\t<div class=\"elementor-post__card\">\n\t\t\t\t<a class=\"elementor-post__thumbnail__link\" href=\"https:\/\/www.giselecooking.com\/index.php\/2022\/01\/29\/05-juillet-2020-afrik-com\/\" >\n\t\t\t<div class=\"elementor-post__thumbnail\"><img loading=\"lazy\" decoding=\"async\" width=\"300\" height=\"169\" src=\"https:\/\/www.giselecooking.com\/wp-content\/uploads\/2022\/02\/Gisele-Mbeku-Gisele-Cooking-300x169.jpg\" class=\"attachment-medium size-medium\" alt=\"Photo Gisele Cooking magazine Afrik.com\" srcset=\"https:\/\/www.giselecooking.com\/wp-content\/uploads\/2022\/02\/Gisele-Mbeku-Gisele-Cooking-300x169.jpg 300w, https:\/\/www.giselecooking.com\/wp-content\/uploads\/2022\/02\/Gisele-Mbeku-Gisele-Cooking.jpg 696w\" sizes=\"auto, (max-width: 300px) 100vw, 300px\" \/><\/div>\n\t\t<\/a>\n\t\t\t\t<div class=\"elementor-post__badge\">Presse<\/div>\n\t\t\t\t<div class=\"elementor-post__text\">\n\t\t\t\t<h3 class=\"elementor-post__title\">\n\t\t\t<a href=\"https:\/\/www.giselecooking.com\/index.php\/2022\/01\/29\/05-juillet-2020-afrik-com\/\" >\n\t\t\t\tAfrik.com &#8211; le 05 Juillet 2020\t\t\t<\/a>\n\t\t<\/h3>\n\t\t\t\t<div class=\"elementor-post__excerpt\">\n\t\t\t<p>\u00ab\u00a0Depuis 2012, en format vid\u00e9o ou photo, cette Congolaise publie r\u00e9guli\u00e8rement, avec soin et joie, les recettes capables de faire saliver tous les curieux, une activit\u00e9 qu\u2019elle attribue \u00e0 son penchant exag\u00e9r\u00e9 pour l\u2019art culinaire africain en g\u00e9n\u00e9ral et de la R\u00e9publique d\u00e9mocratique du Congo, en particulier.\u00a0\u00bb<\/p>\n\t\t<\/div>\n\t\t\t\t\t<a class=\"elementor-post__read-more\" href=\"https:\/\/www.giselecooking.com\/index.php\/2022\/01\/29\/05-juillet-2020-afrik-com\/\" >\n\t\t\t\tLire plus \u00bb\t\t\t<\/a>\n\t\t\t\t<\/div>\n\t\t\t\t<div class=\"elementor-post__meta-data\">\n\t\t\t\t\t<span class=\"elementor-post-date\">\n\t\t\t29 janvier 2022\t\t<\/span>\n\t\t\t\t<\/div>\n\t\t\t\t\t<\/div>\n\t\t<\/article>\n\t\t\t\t<article class=\"elementor-post elementor-grid-item post-453 post type-post status-publish format-standard has-post-thumbnail hentry category-presse\">\n\t\t\t<div class=\"elementor-post__card\">\n\t\t\t\t<a class=\"elementor-post__thumbnail__link\" href=\"https:\/\/www.giselecooking.com\/index.php\/2022\/01\/29\/lemag-cd-le-07-novembre-2019\/\" >\n\t\t\t<div class=\"elementor-post__thumbnail\"><img loading=\"lazy\" decoding=\"async\" width=\"300\" height=\"214\" src=\"https:\/\/www.giselecooking.com\/wp-content\/uploads\/2022\/01\/Gisele-Mbeku-1-300x214.jpeg\" class=\"attachment-medium size-medium\" alt=\"Gisele Cooking cuisini\u00e8re Africaine p\u00e9tillante et passionn\u00e9e\" srcset=\"https:\/\/www.giselecooking.com\/wp-content\/uploads\/2022\/01\/Gisele-Mbeku-1-300x214.jpeg 300w, https:\/\/www.giselecooking.com\/wp-content\/uploads\/2022\/01\/Gisele-Mbeku-1.jpeg 700w\" sizes=\"auto, (max-width: 300px) 100vw, 300px\" \/><\/div>\n\t\t<\/a>\n\t\t\t\t<div class=\"elementor-post__badge\">Presse<\/div>\n\t\t\t\t<div class=\"elementor-post__text\">\n\t\t\t\t<h3 class=\"elementor-post__title\">\n\t\t\t<a href=\"https:\/\/www.giselecooking.com\/index.php\/2022\/01\/29\/lemag-cd-le-07-novembre-2019\/\" >\n\t\t\t\tlemag.cd le &#8211; 07 Novembre 2019\t\t\t<\/a>\n\t\t<\/h3>\n\t\t\t\t<div class=\"elementor-post__excerpt\">\n\t\t\t<p>\u00ab\u00a0L&rsquo;on parierait presque qu&rsquo;elle est une gastronome, soit une restauratrice ou m\u00eame \u00e0 la limite juste une gourmande. Pourtant, elle n\u2019est rien de tout cela. Pour elle, faire la cuisine c\u2019est satisfaire une curiosit\u00e9, et exercer sa passion.\u00a0\u00bb<\/p>\n\t\t<\/div>\n\t\t\t\t\t<a class=\"elementor-post__read-more\" href=\"https:\/\/www.giselecooking.com\/index.php\/2022\/01\/29\/lemag-cd-le-07-novembre-2019\/\" >\n\t\t\t\tLire plus \u00bb\t\t\t<\/a>\n\t\t\t\t<\/div>\n\t\t\t\t<div class=\"elementor-post__meta-data\">\n\t\t\t\t\t<span class=\"elementor-post-date\">\n\t\t\t29 janvier 2022\t\t<\/span>\n\t\t\t\t<\/div>\n\t\t\t\t\t<\/div>\n\t\t<\/article>\n\t\t\t\t<article class=\"elementor-post elementor-grid-item post-466 post type-post status-publish format-standard has-post-thumbnail hentry category-presse\">\n\t\t\t<div class=\"elementor-post__card\">\n\t\t\t\t<a class=\"elementor-post__thumbnail__link\" href=\"https:\/\/www.giselecooking.com\/index.php\/2022\/01\/28\/amina-magazine-aout-2019\/\" >\n\t\t\t<div class=\"elementor-post__thumbnail\"><img loading=\"lazy\" decoding=\"async\" width=\"167\" height=\"300\" src=\"https:\/\/www.giselecooking.com\/wp-content\/uploads\/2022\/02\/Apparition-dans-Amina-Magazine-167x300.jpg\" class=\"attachment-medium size-medium\" alt=\"Apparaition Gisele dans Amina Magazine\" srcset=\"https:\/\/www.giselecooking.com\/wp-content\/uploads\/2022\/02\/Apparition-dans-Amina-Magazine-167x300.jpg 167w, https:\/\/www.giselecooking.com\/wp-content\/uploads\/2022\/02\/Apparition-dans-Amina-Magazine-569x1024.jpg 569w, https:\/\/www.giselecooking.com\/wp-content\/uploads\/2022\/02\/Apparition-dans-Amina-Magazine-768x1382.jpg 768w, https:\/\/www.giselecooking.com\/wp-content\/uploads\/2022\/02\/Apparition-dans-Amina-Magazine.jpg 800w\" sizes=\"auto, (max-width: 167px) 100vw, 167px\" \/><\/div>\n\t\t<\/a>\n\t\t\t\t<div class=\"elementor-post__badge\">Presse<\/div>\n\t\t\t\t<div class=\"elementor-post__text\">\n\t\t\t\t<h3 class=\"elementor-post__title\">\n\t\t\t<a href=\"https:\/\/www.giselecooking.com\/index.php\/2022\/01\/28\/amina-magazine-aout-2019\/\" >\n\t\t\t\tAmina Magazine &#8211; Ao\u00fbt 2019\t\t\t<\/a>\n\t\t<\/h3>\n\t\t\t\t<div class=\"elementor-post__excerpt\">\n\t\t\t<p>Apparition de Gis\u00e8le dans Amina Magazine<\/p>\n\t\t<\/div>\n\t\t\t\t\t<a class=\"elementor-post__read-more\" href=\"https:\/\/www.giselecooking.com\/index.php\/2022\/01\/28\/amina-magazine-aout-2019\/\" >\n\t\t\t\tLire plus \u00bb\t\t\t<\/a>\n\t\t\t\t<\/div>\n\t\t\t\t<div class=\"elementor-post__meta-data\">\n\t\t\t\t\t<span class=\"elementor-post-date\">\n\t\t\t28 janvier 2022\t\t<\/span>\n\t\t\t\t<\/div>\n\t\t\t\t\t<\/div>\n\t\t<\/article>\n\t\t\t\t<\/div>\n\t\t\t\t<\/div>\n\t\t\t\t<\/div>\n\t\t\t\t\t\t<\/div>\n\t\t\t\t\t<\/div>\n\t\t<\/div>\n\t\t\t\t\t\t\t\t<\/div>\n\t\t\t\t\t<\/div>\n\t\t<\/section>\n\t\t\t\t<section class=\"elementor-section elementor-top-section elementor-element elementor-element-f7d4181 elementor-section-boxed elementor-section-height-default elementor-section-height-default\" data-id=\"f7d4181\" data-element_type=\"section\">\n\t\t\t\t\t\t<div class=\"elementor-container elementor-column-gap-default\">\n\t\t\t\t\t\t\t<div class=\"elementor-row\">\n\t\t\t\t\t<div class=\"elementor-column elementor-col-100 elementor-top-column elementor-element elementor-element-d551f1d\" data-id=\"d551f1d\" data-element_type=\"column\">\n\t\t\t<div class=\"elementor-column-wrap\">\n\t\t\t\t\t\t\t<div class=\"elementor-widget-wrap\">\n\t\t\t\t\t\t\t\t<\/div>\n\t\t\t\t\t<\/div>\n\t\t<\/div>\n\t\t\t\t\t\t\t\t<\/div>\n\t\t\t\t\t<\/div>\n\t\t<\/section>\n\t\t\t\t<section class=\"elementor-section elementor-top-section elementor-element elementor-element-e31684e elementor-section-content-middle elementor-section-boxed elementor-section-height-default elementor-section-height-default\" data-id=\"e31684e\" data-element_type=\"section\">\n\t\t\t\t\t\t<div class=\"elementor-container elementor-column-gap-no\">\n\t\t\t\t\t\t\t<div class=\"elementor-row\">\n\t\t\t\t\t<div class=\"elementor-column elementor-col-100 elementor-top-column elementor-element elementor-element-ded97cb\" data-id=\"ded97cb\" data-element_type=\"column\">\n\t\t\t<div class=\"elementor-column-wrap elementor-element-populated\">\n\t\t\t\t\t\t\t<div class=\"elementor-widget-wrap\">\n\t\t\t\t\t\t<div class=\"elementor-element elementor-element-45f85fa elementor-widget elementor-widget-heading\" data-id=\"45f85fa\" data-element_type=\"widget\" data-widget_type=\"heading.default\">\n\t\t\t\t<div class=\"elementor-widget-container\">\n\t\t\t<h5 class=\"elementor-heading-title elementor-size-default\">Embarquez avec moi dans ce vol culinaire:<\/h5>\t\t<\/div>\n\t\t\t\t<\/div>\n\t\t\t\t<div class=\"elementor-element elementor-element-c5f9a39 elementor-widget elementor-widget-heading\" data-id=\"c5f9a39\" data-element_type=\"widget\" data-widget_type=\"heading.default\">\n\t\t\t\t<div class=\"elementor-widget-container\">\n\t\t\t<h4 class=\"elementor-heading-title elementor-size-default\"><a href=\"http:\/\/contact@giselecooking.com\u200b\">contact@giselecooking.com<\/a><\/h4>\t\t<\/div>\n\t\t\t\t<\/div>\n\t\t\t\t<div class=\"elementor-element elementor-element-502389c elementor-widget elementor-widget-wp-widget-zoom-social-icons-widget\" data-id=\"502389c\" data-element_type=\"widget\" data-widget_type=\"wp-widget-zoom-social-icons-widget.default\">\n\t\t\t\t<div class=\"elementor-widget-container\">\n\t\t\t\n\t\t\n<ul class=\"zoom-social-icons-list zoom-social-icons-list--without-canvas zoom-social-icons-list--round zoom-social-icons-list--align-center zoom-social-icons-list--no-labels\">\n\n\t\t\n\t\t\t\t<li class=\"zoom-social_icons-list__item\">\n\t\t<a class=\"zoom-social_icons-list__link\" href=\"https:\/\/www.facebook.com\/GiseleCooking\" target=\"_blank\" title=\"Facebook\" >\n\t\t\t\t\t\t\t\t\t\n\t\t\t\t\t\t<span class=\"screen-reader-text\">facebook<\/span>\n\t\t\t\n\t\t\t\t\t\t<span class=\"zoom-social_icons-list-span social-icon socicon socicon-facebook\" data-hover-rule=\"color\" data-hover-color=\"#a45857\" style=\"color : #3b5998; font-size: 26px; padding:5px\" ><\/span>\n\t\t\t\n\t\t\t\t\t<\/a>\n\t<\/li>\n\n\t\n\t\t\t\t<li class=\"zoom-social_icons-list__item\">\n\t\t<a class=\"zoom-social_icons-list__link\" href=\"https:\/\/www.instagram.com\/gisele_cooking\/\" target=\"_blank\" title=\"Twitter\" >\n\t\t\t\t\t\t\t\t\t\n\t\t\t\t\t\t<span class=\"screen-reader-text\">instagram<\/span>\n\t\t\t\n\t\t\t\t\t\t<span class=\"zoom-social_icons-list-span social-icon socicon socicon-instagram\" data-hover-rule=\"color\" data-hover-color=\"#a45857\" style=\"color : #e4405f; font-size: 26px; padding:5px\" ><\/span>\n\t\t\t\n\t\t\t\t\t<\/a>\n\t<\/li>\n\n\t\n\t\t\t\t<li class=\"zoom-social_icons-list__item\">\n\t\t<a class=\"zoom-social_icons-list__link\" href=\"https:\/\/www.tiktok.com\/@gisele_cooking.5\" target=\"_blank\" title=\"Instagram\" >\n\t\t\t\t\t\t\t\t\t\n\t\t\t\t\t\t<span class=\"screen-reader-text\">tiktok<\/span>\n\t\t\t\n\t\t\t\t\t\t<span class=\"zoom-social_icons-list-span social-icon socicon socicon-tiktok\" data-hover-rule=\"color\" data-hover-color=\"#a45857\" style=\"color : #000000; font-size: 26px; padding:5px\" ><\/span>\n\t\t\t\n\t\t\t\t\t<\/a>\n\t<\/li>\n\n\t\n<\/ul>\n\n\t\t\t\t<\/div>\n\t\t\t\t<\/div>\n\t\t\t\t\t\t<\/div>\n\t\t\t\t\t<\/div>\n\t\t<\/div>\n\t\t\t\t\t\t\t\t<\/div>\n\t\t\t\t\t<\/div>\n\t\t<\/section>\n\t\t\t\t\t\t<\/div>\n\t\t\t\t\t\t<\/div>\n\t\t\t\t\t<\/div>\n\t\t","protected":false},"excerpt":{"rendered":"<p>Presse Embarquez avec moi dans ce vol culinaire: contact@giselecooking.com<\/p>\n","protected":false},"author":1,"featured_media":0,"parent":0,"menu_order":0,"comment_status":"closed","ping_status":"closed","template":"","meta":{"footnotes":""},"class_list":["post-324","page","type-page","status-publish","hentry"],"yoast_head":"<!-- This site is optimized with the Yoast SEO plugin v20.3 - https:\/\/yoast.com\/wordpress\/plugins\/seo\/ -->\n<title>Presse - Gisele Cooking<\/title>\n<meta name=\"robots\" content=\"index, follow, max-snippet:-1, max-image-preview:large, max-video-preview:-1\" \/>\n<link rel=\"canonical\" href=\"http:\/\/www.giselecooking.com\/index.php\/presse-2\/\" \/>\n<meta property=\"og:locale\" content=\"fr_FR\" \/>\n<meta property=\"og:type\" content=\"article\" \/>\n<meta property=\"og:title\" content=\"Presse - Gisele Cooking\" \/>\n<meta property=\"og:description\" content=\"Presse Embarquez avec moi dans ce vol culinaire: contact@giselecooking.com\" \/>\n<meta property=\"og:url\" content=\"http:\/\/www.giselecooking.com\/index.php\/presse-2\/\" \/>\n<meta property=\"og:site_name\" content=\"Gisele Cooking\" \/>\n<meta property=\"article:modified_time\" content=\"2022-03-08T14:50:00+00:00\" \/>\n<meta name=\"twitter:card\" content=\"summary_large_image\" \/>\n<script type=\"application\/ld+json\" class=\"yoast-schema-graph\">{\"@context\":\"https:\/\/schema.org\",\"@graph\":[{\"@type\":\"WebPage\",\"@id\":\"http:\/\/www.giselecooking.com\/index.php\/presse-2\/\",\"url\":\"http:\/\/www.giselecooking.com\/index.php\/presse-2\/\",\"name\":\"Presse - Gisele Cooking\",\"isPartOf\":{\"@id\":\"http:\/\/www.giselecooking.com\/#website\"},\"datePublished\":\"2022-02-17T09:26:51+00:00\",\"dateModified\":\"2022-03-08T14:50:00+00:00\",\"breadcrumb\":{\"@id\":\"http:\/\/www.giselecooking.com\/index.php\/presse-2\/#breadcrumb\"},\"inLanguage\":\"fr-FR\",\"potentialAction\":[{\"@type\":\"ReadAction\",\"target\":[\"http:\/\/www.giselecooking.com\/index.php\/presse-2\/\"]}]},{\"@type\":\"BreadcrumbList\",\"@id\":\"http:\/\/www.giselecooking.com\/index.php\/presse-2\/#breadcrumb\",\"itemListElement\":[{\"@type\":\"ListItem\",\"position\":1,\"name\":\"Accueil\",\"item\":\"http:\/\/www.giselecooking.com\/\"},{\"@type\":\"ListItem\",\"position\":2,\"name\":\"Presse\"}]},{\"@type\":\"WebSite\",\"@id\":\"http:\/\/www.giselecooking.com\/#website\",\"url\":\"http:\/\/www.giselecooking.com\/\",\"name\":\"Gisele Cooking\",\"description\":\"\",\"publisher\":{\"@id\":\"http:\/\/www.giselecooking.com\/#organization\"},\"potentialAction\":[{\"@type\":\"SearchAction\",\"target\":{\"@type\":\"EntryPoint\",\"urlTemplate\":\"http:\/\/www.giselecooking.com\/?s={search_term_string}\"},\"query-input\":\"required name=search_term_string\"}],\"inLanguage\":\"fr-FR\"},{\"@type\":\"Organization\",\"@id\":\"http:\/\/www.giselecooking.com\/#organization\",\"name\":\"Gisele Cooking\",\"url\":\"http:\/\/www.giselecooking.com\/\",\"logo\":{\"@type\":\"ImageObject\",\"inLanguage\":\"fr-FR\",\"@id\":\"http:\/\/www.giselecooking.com\/#\/schema\/logo\/image\/\",\"url\":\"https:\/\/www.giselecooking.com\/wp-content\/uploads\/2022\/02\/cropped-Gisele-Cooking-Logo-Web-1.png\",\"contentUrl\":\"https:\/\/www.giselecooking.com\/wp-content\/uploads\/2022\/02\/cropped-Gisele-Cooking-Logo-Web-1.png\",\"width\":400,\"height\":283,\"caption\":\"Gisele Cooking\"},\"image\":{\"@id\":\"http:\/\/www.giselecooking.com\/#\/schema\/logo\/image\/\"}}]}<\/script>\n<!-- \/ Yoast SEO plugin. -->","yoast_head_json":{"title":"Presse - Gisele Cooking","robots":{"index":"index","follow":"follow","max-snippet":"max-snippet:-1","max-image-preview":"max-image-preview:large","max-video-preview":"max-video-preview:-1"},"canonical":"http:\/\/www.giselecooking.com\/index.php\/presse-2\/","og_locale":"fr_FR","og_type":"article","og_title":"Presse - Gisele Cooking","og_description":"Presse Embarquez avec moi dans ce vol culinaire: contact@giselecooking.com","og_url":"http:\/\/www.giselecooking.com\/index.php\/presse-2\/","og_site_name":"Gisele Cooking","article_modified_time":"2022-03-08T14:50:00+00:00","twitter_card":"summary_large_image","schema":{"@context":"https:\/\/schema.org","@graph":[{"@type":"WebPage","@id":"http:\/\/www.giselecooking.com\/index.php\/presse-2\/","url":"http:\/\/www.giselecooking.com\/index.php\/presse-2\/","name":"Presse - Gisele Cooking","isPartOf":{"@id":"http:\/\/www.giselecooking.com\/#website"},"datePublished":"2022-02-17T09:26:51+00:00","dateModified":"2022-03-08T14:50:00+00:00","breadcrumb":{"@id":"http:\/\/www.giselecooking.com\/index.php\/presse-2\/#breadcrumb"},"inLanguage":"fr-FR","potentialAction":[{"@type":"ReadAction","target":["http:\/\/www.giselecooking.com\/index.php\/presse-2\/"]}]},{"@type":"BreadcrumbList","@id":"http:\/\/www.giselecooking.com\/index.php\/presse-2\/#breadcrumb","itemListElement":[{"@type":"ListItem","position":1,"name":"Accueil","item":"http:\/\/www.giselecooking.com\/"},{"@type":"ListItem","position":2,"name":"Presse"}]},{"@type":"WebSite","@id":"http:\/\/www.giselecooking.com\/#website","url":"http:\/\/www.giselecooking.com\/","name":"Gisele Cooking","description":"","publisher":{"@id":"http:\/\/www.giselecooking.com\/#organization"},"potentialAction":[{"@type":"SearchAction","target":{"@type":"EntryPoint","urlTemplate":"http:\/\/www.giselecooking.com\/?s={search_term_string}"},"query-input":"required name=search_term_string"}],"inLanguage":"fr-FR"},{"@type":"Organization","@id":"http:\/\/www.giselecooking.com\/#organization","name":"Gisele Cooking","url":"http:\/\/www.giselecooking.com\/","logo":{"@type":"ImageObject","inLanguage":"fr-FR","@id":"http:\/\/www.giselecooking.com\/#\/schema\/logo\/image\/","url":"https:\/\/www.giselecooking.com\/wp-content\/uploads\/2022\/02\/cropped-Gisele-Cooking-Logo-Web-1.png","contentUrl":"https:\/\/www.giselecooking.com\/wp-content\/uploads\/2022\/02\/cropped-Gisele-Cooking-Logo-Web-1.png","width":400,"height":283,"caption":"Gisele Cooking"},"image":{"@id":"http:\/\/www.giselecooking.com\/#\/schema\/logo\/image\/"}}]}},"_links":{"self":[{"href":"https:\/\/www.giselecooking.com\/index.php\/wp-json\/wp\/v2\/pages\/324","targetHints":{"allow":["GET"]}}],"collection":[{"href":"https:\/\/www.giselecooking.com\/index.php\/wp-json\/wp\/v2\/pages"}],"about":[{"href":"https:\/\/www.giselecooking.com\/index.php\/wp-json\/wp\/v2\/types\/page"}],"author":[{"embeddable":true,"href":"https:\/\/www.giselecooking.com\/index.php\/wp-json\/wp\/v2\/users\/1"}],"replies":[{"embeddable":true,"href":"https:\/\/www.giselecooking.com\/index.php\/wp-json\/wp\/v2\/comments?post=324"}],"version-history":[{"count":13,"href":"https:\/\/www.giselecooking.com\/index.php\/wp-json\/wp\/v2\/pages\/324\/revisions"}],"predecessor-version":[{"id":763,"href":"https:\/\/www.giselecooking.com\/index.php\/wp-json\/wp\/v2\/pages\/324\/revisions\/763"}],"wp:attachment":[{"href":"https:\/\/www.giselecooking.com\/index.php\/wp-json\/wp\/v2\/media?parent=324"}],"curies":[{"name":"wp","href":"https:\/\/api.w.org\/{rel}","templated":true}]}}